What is the highest common factor of 1170 and 150345?
585
What is the highest common factor of 80274 and 34?
34
Calculate the greatest common divisor of 442 and 59670.
442
What is the highest common factor of 188019 and 468?
117
What is the highest common divisor of 28143 and 7632?
477
Calculate the greatest common divisor of 2153497 and 485.
97
Calculate the greatest common divisor of 212 and 42718.
106
What is the highest common factor of 14807 and 37570?
221
Calculate the highest common factor of 308455 and 147.
49
What is the highest common divisor of 588 and 182658?
42
What is the highest common factor of 232688 and 16?
16
Calculate the greatest common factor of 509966 and 848.
106
Calculate the greatest common factor of 95 and 9871735.
95
What is the greatest common factor of 575 and 37145?
115
What is the highest common factor of 936481 and 1148?
287
Calculate the highest common divisor of 15418 and 598.
26
What is the highest common divisor of 280 and 34240?
40
Calculate the greatest common divisor of 178479 and 1197.
63
Calculate the highest common factor of 1274 and 18876.
26
Calculate the highest common divisor of 234 and 87282.
234
Calculate the greatest common factor of 528 and 790328.
88
What is the greatest common factor of 12129 and 39?
39
What is the highest common factor of 13 and 8400769?
13
What is the highest common divisor of 354 and 324618?
354
Calculate the greatest common divisor of 2210 and 44915.
65
What is the highest common divisor of 102 and 33014?
34
What is the greatest common divisor of 1890 and 97902?
378
Calculate the highest common divisor of 66 and 68277.
33
Calculate the greatest common factor of 2915 and 4770.
265
What is the greatest common divisor of 231112 and 56?
56
What is the greatest common divisor of 215 and 27821?
43
What is the highest common factor of 415896 and 182?
26
What is the greatest common factor of 8214 and 144?
6
Calculate the greatest common divisor of 10400 and 152800.
800
Calculate the greatest common divisor of 12740 and 350.
70
What is the highest common divisor of 487705 and 515?
515
Calculate the greatest common divisor of 48 and 3648.
48
What is the highest common factor of 411662 and 296?
74
Calculate the highest common divisor of 229501 and 3572.
893
What is the greatest common divisor of 301 and 14018?
43
What is the greatest common factor of 2820 and 130566?
282
What is the highest common divisor of 113841 and 45?
9
Calculate the highest common factor of 67536 and 720.
144
What is the greatest common divisor of 195 and 44265?
195
What is the highest common factor of 511 and 118552?
511
Calculate the highest common divisor of 58194 and 371.
53
Calculate the highest common divisor of 3396 and 6291656.
1132
Calculate the highest common divisor of 344 and 856.
8
Calculate the highest common divisor of 53946 and 108.
54
Calculate the highest common divisor of 6084 and 689.
13
Calculate the highest common divisor of 124436 and 52.
52
What is the highest common factor of 3075912 and 224?
56
Calculate the greatest common factor of 54586 and 59042.
1114
What is the highest common factor of 2892 and 52524?
12
What is the highest common factor of 909 and 444804?
303
What is the highest common factor of 324705 and 45?
15
What is the highest common factor of 14195 and 2125?
85
Calculate the highest common divisor of 99612 and 36.
36
Calculate the highest common divisor of 9799 and 7648.
239
What is the greatest common divisor of 24206 and 833?
49
What is the highest common divisor of 30954 and 84?
42
What is the greatest common divisor of 54044 and 2?
2
Calculate the greatest common divisor of 104447 and 301.
301
Calculate the highest common factor of 9 and 8173233.
9
Calculate the greatest common divisor of 22001 and 245.
49
Calculate the highest common divisor of 509888 and 31744.
1984
What is the greatest common divisor of 56 and 243908?
28
Calculate the greatest common divisor of 700 and 119.
7
What is the highest common divisor of 132509 and 923?
13
Calculate the greatest common divisor of 53046 and 112.
14
What is the greatest common divisor of 105 and 2115?
15
What is the highest common factor of 1240 and 19268360?
1240
What is the greatest common divisor of 9244 and 12?
4
Calculate the highest common factor of 6968 and 2756.
52
What is the greatest common divisor of 13561 and 2483?
191
Calculate the greatest common divisor of 6779 and 5.
1
Calculate the greatest common divisor of 2376 and 6039.
99
What is the greatest common factor of 547206 and 132?
66
Calculate the greatest common divisor of 184 and 61364.
92
Calculate the highest common divisor of 16482 and 1206.
402
Calculate the greatest common divisor of 196 and 254653.
49
Calculate the highest common divisor of 8991 and 23643.
333
What is the greatest common factor of 186 and 646257?
93
What is the greatest common factor of 154403 and 59?
59
Calculate the highest common divisor of 3690 and 4059.
369
What is the greatest common divisor of 1151 and 2735927?
1151
What is the highest common divisor of 2361 and 15?
3
Calculate the highest common divisor of 12807 and 189.
9
Calculate the greatest common divisor of 608 and 21736.
152
Calculate the greatest common divisor of 12446 and 362966.
254
Calculate the highest common factor of 23 and 488037.
23
What is the greatest common divisor of 21839562 and 18?
18
What is the highest common divisor of 361 and 247?
19
What is the greatest common divisor of 19296 and 2124?
36
What is the highest common divisor of 836 and 1408?
44
What is the highest common divisor of 429 and 12246?
39
What is the greatest common divisor of 1258323 and 561?
561
Calculate the greatest common factor of 434 and 61411.
217
Calculate the highest common divisor of 3136 and 4424.
56
What is the greatest common factor of 9638777 and 739?
739
What is the greatest common divisor of 3018 and 48?
6
Calculate the greatest common divisor of 1180 and 5318260.
1180
What is the highest common factor of 7638 and 804?
402
What is the highest common divisor of 4736 and 144152?
296
What is the highest common divisor of 108 and 9228?
12
Calculate the greatest common factor of 24415 and 92520.
1285
Calculate the highest common factor of 3752625 and 750.
375
What is the greatest common divisor of 1760 and 101440?
160
What is the greatest common factor of 4055079 and 93?
93
Calculate the highest common factor of 8610 and 840.
210
Calculate the highest common factor of 54550 and 50.
50
What is the highest common factor of 462 and 39336?
66
Calculate the highest common factor of 39 and 543.
3
What is the greatest common divisor of 2240032 and 160?
32
What is the highest common factor of 20 and 449330?
10
What is the greatest common divisor of 39150 and 540?
270
Calculate the highest common factor of 10402 and 28.
14
Calculate the highest common divisor of 114 and 1516903.
19
Calculate the greatest common divisor of 80 and 3837040.
80
Calculate the greatest common divisor of 62 and 6125383.
31
What is the greatest common divisor of 277481 and 31?
31
Calculate the highest common factor of 272 and 1139.
17
What is the greatest common factor of 1911 and 45669?
39
Calculate the greatest common divisor of 2064473 and 123.
41
What is the greatest common divisor of 5193320 and 1936?
968
Calculate the greatest common divisor of 700 and 13450.
50
What is the highest common factor of 328341 and 312?
39
Calculate the highest common divisor of 130128 and 40.
8
Calculate the highest common divisor of 2444 and 3172.
52
Calculate the highest common divisor of 2592972 and 302.
302
Calculate the highest common divisor of 120650 and 250.
50
Calculate the highest common factor of 28551 and 186.
93
What is the greatest common factor of 75 and 42?
3
What is the highest common factor of 5 and 181965?
5
Calculate the highest common divisor of 615663 and 603.
603
What is the greatest common divisor of 25304 and 32?
8
What is the highest common divisor of 18957 and 2982?
213
Calculate the greatest common factor of 369 and 21591.
9
Calculate the greatest common factor of 192609 and 18.
9
What is the greatest common divisor of 1005807 and 957?
957
What is the highest common factor of 8 and 371576?
8
What is the highest common factor of 1449 and 189?
6